the prime factors of 64332742.
2, 167, 192613
What are the prime factors of 125309390?
2, 5, 12530939
What are the prime factors of 134848742?
2, 7, 9632053
List the prime factors of 63653802.
2, 3, 59, 179813
What are the prime factors of 8942372?
2, 53, 42181
What are the prime factors of 4659284286?
2, 3, 258849127
List the prime factors of 129202532.
2, 67, 482099
List the prime factors of 84469437.
3, 13, 721961
List the prime factors of 3432699628.
2, 1493, 574799
What are the prime factors of 975416013?
3, 11, 13, 84211
List the prime factors of 422072279.
193, 2186903
What are the prime factors of 68889466?
2, 419, 82207
List the prime factors of 594495867.
3, 7, 73, 387799
List the prime factors of 248659150.
2, 5, 1493, 3331
List the prime factors of 694547859.
3, 23, 10065911
What are the prime factors of 593154996?
2, 3, 7, 19, 53093
List the prime factors of 1621864121.
29, 4583, 12203
What are the prime factors of 2988679490?
2, 5, 298867949
What are the prime factors of 70044301?
17, 4120253
List the prime factors of 18038082.
2, 3, 3006347
What are the prime factors of 104982803?
17, 557, 11087
What are the prime factors of 2216011673?
53, 788897
List the prime factors of 51556507.
379, 136033
List the prime factors of 71672694.
2, 3, 11945449
List the prime factors of 331577184.
2, 3, 29, 119101
What are the prime factors of 17962288?
2, 1122643
List the prime factors of 802228032.
2, 3, 19, 73303
List the prime factors of 528323817.
3, 7, 25158277
List the prime factors of 52411707.
3, 5823523
What are the prime factors of 127623061?
127623061
List the prime factors of 1730511615.
3, 5, 7, 167, 98689
What are the prime factors of 175424101?
175424101
What are the prime factors of 203895358?
2, 97, 1051007
What are the prime factors of 1441590?
2, 3, 5, 29, 1657
List the prime factors of 580299220.
2, 5, 59, 599, 821
What are the prime factors of 68707412?
2, 17176853
What are the prime factors of 69675676?
2, 7, 2488417
What are the prime factors of 78748822?
2, 39374411
What are the prime factors of 13494356?
2, 3373589
What are the prime factors of 91137790?
2, 5, 9113779
List the prime factors of 42232115.
5, 1171, 7213
What are the prime factors of 249646604?
2, 62411651
List the prime factors of 1077814415.
5, 215562883
List the prime factors of 884306268.
2, 3, 157, 52153
List the prime factors of 888894645.
3, 5, 569, 104147
What are the prime factors of 18231239?
13, 73, 19211
What are the prime factors of 780826068?
2, 3, 11, 2213
List the prime factors of 4397225.
5, 7, 25127
List the prime factors of 5466996062.
2, 11, 281, 884341
List the prime factors of 1922306392.
2, 47, 5112517
What are the prime factors of 291148429?
11, 13, 29, 70207
What are the prime factors of 437178937?
13, 1259, 26711
What are the prime factors of 271928177?
271928177
What are the prime factors of 518260085?
5, 7, 14807431
What are the prime factors of 296122650?
2, 3, 5, 743, 2657
List the prime factors of 227826252.
2, 3, 293, 21599
List the prime factors of 16534151.
16534151
What are the prime factors of 4437942?
2, 3, 23, 32159
List the prime factors of 230439709.
17, 31, 43, 10169
List the prime factors of 1568439383.
7, 73, 438479
List the prime factors of 2297759848.
2, 17, 16895293
List the prime factors of 146548802.
2, 59, 1241939
List the prime factors of 2084942616.
2, 3, 86872609
What are the prime factors of 4628295609?
3, 7, 101, 2182129
What are the prime factors of 78474883?
19, 163, 25339
What are the prime factors of 267415234?
2, 19, 7037243
List the prime factors of 110643890.
2, 5, 7, 1580627
List the prime factors of 121076492.
2, 107, 282889
List the prime factors of 60518138.
2, 31, 149, 6551
What are the prime factors of 1399936?
2, 10937
List the prime factors of 1865028908.
2, 466257227
What are the prime factors of 539264809?
31, 71, 491, 499
List the prime factors of 674330793.
3, 3203, 70177
What are the prime factors of 240898722?
2, 3, 2969, 13523
List the prime factors of 1939084591.
9619, 201589
List the prime factors of 96985115.
5, 397, 48859
List the prime factors of 513010768.
2, 17, 23, 82003
What are the prime factors of 34949192?
2, 4368649
What are the prime factors of 1806459759?
3, 13, 149, 2657
What are the prime factors of 21523313?
7, 79, 38921
List the prime factors of 941135609.
59, 15951451
What are the prime factors of 9062165?
5, 7, 258919
List the prime factors of 960456527.
2003, 479509
What are the prime factors of 168602857?
23, 7330559
What are the prime factors of 1646412790?
2, 5, 11, 31, 482819
List the prime factors of 2980756998.
2, 3, 743, 222877
List the prime factors of 932573755.
5, 23, 8109337
List the prime factors of 30685012.
2, 101, 151, 503
List the prime factors of 410053789.
410053789
List the prime factors of 1281217.
7, 103, 1777
List the prime factors of 49714073.
49714073
List the prime factors of 20987727.
3, 6995909
List the prime factors of 902352836.
2, 7, 11, 23, 31, 587
What are the prime factors of 76245624?
2, 3, 7, 13, 431
What are the prime factors of 2270217086?
2, 1135108543
What are the prime factors of 2690029675?
5, 191, 563357
What are the prime factors of 779124121?
29, 26866349
What are the prime factors of 43643574?
2, 3, 13, 14347
List the prime factors of 69779493.
3, 7, 23, 48157
What are the prime factors of 29951068?
2, 7, 19, 56299
What are the prime factors of 138866312?
2, 13, 107, 12479
List the prime factors of 42088327.
42088327
What are the prime factors of 128123611?
7, 11, 17, 97879
What are the prime factors of 41100655?
5, 23, 41, 379
What are the prime factors of 1805519055?
3, 5, 109, 1104293
List the prime factors of 2535249569.
1093, 2319533
List the prime factors of 321892994.
2, 17, 9467441
What are the prime factors of 1897393305?
3, 5, 126492887
What are the prime factors of 424999210?
2, 5, 619, 68659
List the prime factors of 130352005.
5, 7, 17, 263
List the prime factors of 187670150.
2, 5, 59, 63617
What are the prime factors of 6210684617?
37, 311, 373, 1447
List the prime factors of 7043215508.
2, 7, 107, 47977
What are the prime factors of 38458229?
137, 280717
What are the prime factors of 2428937286?
2, 3, 131, 977, 3163
List the prime factors of 76734980.
2, 5, 7, 78301
List the prime factors of 1776084956.
2, 444021239
What are the prime factors of 16351503?
3, 7, 778643
What are the prime factors of 45299871?
3, 1677773
List the prime factors of 24364881.
3, 100267
List the prime factors of 2473118254.
2, 43, 853, 33713
What are the prime factors of 1237699680?
2, 3, 5, 7, 368363
List the prime factors of 176931463.
8969, 19727
List the prime factors of 194035065.
3, 5, 7, 1223, 1511
What are the prime factors of 2540845923?
3, 7, 11, 10999333
What are the prime factors of 295414726?
2, 147707363
What are the prime factors of 172559721?
3, 601, 95707
What are the prime factors of 32634658?
2, 7, 2331047
List the prime factors of 33406673.
33406673
List the prime factors of 14703219.
3, 1633691
List the prime factors of 119035097.
23, 89, 58151
List the prime factors of 225853976.
2, 17, 1660691
What are the prime factors of 180821847?
3, 60273949
List the prime factors of 229056338.
2, 7, 941, 17387
List the prime factors of 19075971.
3, 101, 157, 401
List the prime factors of 23583727.
2251, 10477
List the prime factors of 690570808.
2, 19, 109, 41681
List the prime factors of 9905061.
3, 19, 173773
What are the prime factors of 33389436?
2, 3, 449, 6197
List the prime factors of 38762247.
3, 67, 192847
List the prime factors of 5315872773.
3, 757, 2340763
What are the prime factors of 546945313?
23, 23780231
List the prime factors of 30489773.
41, 113, 6581
What are the prime factors of 1611336595?
5, 11, 29297029
What are the prime factors of 1320908821?
47, 263, 106861
List the prime factors of 150602642.
2, 75301321
List the prime factors of 1774282220.
2, 5, 59, 617, 2437
List the prime factors of 149899852.
2, 89, 109, 3863
List the prime factors of 26249602.
2, 19, 271, 2549
What are the prime factors of 64886535?
3, 5, 7, 17, 577
List the prime factors of 48607832.
2, 7, 13, 23, 2903
What are the prime factors of 5523861529?
139, 2239, 17749
What are the prime factors of 160458615?
3, 5, 3